2. Let j be y(-13). Calculate the greatest common factor of 483 and j.
21
Suppose -159 = t - 3*t + 3*h, 417 = 5*t - h. Let j = -28 + t. Calculate the greatest common factor of j and 112.
56
Let z(s) = s**2 - 2*s + 1. Let v be z(3). Suppose 102 = 5*o - c, o - v = -5*c + 6. Let g = 23765 + -23761. Calculate the highest common factor of o and g.
4
Suppose -370 = -2*b + 200. Let o be b + 25/(2 + 3). What is the greatest common factor of 87 and o?
29
Let l(p) = p**3 - 22*p**2 + 25*p - 39. Let i be l(21). Let z = -33 + 22. Let o = -2 - z. Calculate the greatest common factor of i and o.
9
Suppose m + b = 0, -3*b + 8 = b. Let a be (6/m)/((-3)/2). Suppose a*c - 11 = 11. What is the highest common divisor of 77 and c?
11
Let t(y) = 72*y - 225. Let l be t(6). Calculate the highest common factor of l and 253.
23
Let n(d) = d**3 + 31*d**2 + 139*d. Let u be n(-25). What is the highest common factor of 575 and u?
25
Suppose -22*o = -17*o + 685. Let q = -108 - o. What is the greatest common factor of 58 and q?
29
Suppose 92*r + 204*r - 768825 = 71*r. What is the highest common factor of 255 and r?
51
Let s be (8604/72)/(2/4). Suppose 0 = -9*o - s + 275. Calculate the highest common factor of 22 and o.
2
Let i be 61 + -2 + (5 + -1)*-1. Let o(y) = 4*y - 18. Let t = -125 - -135. Let p be o(t). Calculate the greatest common divisor of p and i.
11
Let r be 351/12*(-6032)/(-58). What is the greatest common factor of 26 and r?
26
Let u(h) = 2*h**2 + 48*h + 14. Let x be u(-30). Let o be 319702/x - 4/(-22). Calculate the greatest common divisor of 95 and o.
95
Suppose 1957864 = 55*r + 32*r + 446152. Calculate the highest common divisor of r and 96.
96
Let z be (-26)/4*(-17 - -13). Let x be -13 - (-5 - -7)*-1. Let p(o) = o**2 + 4*o - 38. Let l be p(x). Calculate the highest common factor of l and z.
13
Suppose -24*y + 14*y = 3710. Let u = y - -416. Calculate the greatest common divisor of u and 25.
5
Suppose -28 = -4*v, 3*r + 0*r + 3*v = 51534. Calculate the highest common factor of r and 77.
77
Let g be 1858 + (-105)/294*-14. Calculate the greatest common factor of 184 and g.
23
Suppose -o + 3 = -3*f - 2*f, -4*o = -3*f + 5. Let v be 466/f + 7 + -10. Let i = -19 - v. What is the highest common factor of 50 and i?
50
Let s = -31638 + 31650. Calculate the greatest common divisor of s and 66156.
12
Let k be 1040/78*(-45)/(-12). Calculate the greatest common factor of 1160 and k.
10
Suppose 0*y - 75*y + 682 = -13*y. Calculate the greatest common factor of y and 9713.
11
Suppose 131 - 76 = 295*t - 535. Calculate the greatest common divisor of 118 and t.
2
Let o(w) = -401*w**3 - 3*w**2 + 4. Let m be o(-1). What is the highest common divisor of 12 and m?
6
Let q be -3*2*1/6*-2. Let l be 6 + 28 + 2 + q + 0. Let k be 1 + (1 + 0)*l. Calculate the highest common factor of k and 156.
39
Let g(w) = 3*w**2 - 50*w + 54. Let i be g(23). Suppose 11*d - 5089 = -i. What is the highest common divisor of 38 and d?
38
Let a(k) be the third derivative of -13/6*k**3 - 23*k**2 + 0*k + 0 + 1/60*k**5 + 7/24*k**4. Let g be a(-11). What is the greatest common divisor of g and 62?
31
Suppose 4*s + 4*p - 1 = 27, 3*s - 19 = -5*p. Suppose s*f - 28 = f. Let l be (0 - f)*(-13 + 9). What is the greatest common divisor of l and 2?
2
Let b = -17 - -25. Let y be (-4)/b*(-2 - 2). Suppose 22 = y*m - 38. What is the greatest common divisor of 6 and m?
6
Let o be (-450)/(-7) - 12/42. Suppose -84 = -4*r - 8*m + 3*m, 0 = -5*r + 4*m + 64. Calculate the highest common divisor of o and r.
16
Let n = 25 - -7554. Calculate the highest common divisor of 53 and n.
53
Let u be (-5)/(-10)*(89 - -1). Let a be (3*-2)/(0 + 10/u). Let s = -21 - a. What is the greatest common divisor of 54 and s?
6
Let m be (116/(-87))/(1/(69/(-2))). Let t = 312 + -243. Calculate the greatest common divisor of m and t.
23
Suppose 2*n = 12, -18940 = -2*o - 129*n + 127*n. What is the highest common divisor of o and 104?
104
Suppose -5*z - 1212 = -7*z. Suppose 610*v - 80 = z*v. Let r(y) = 18*y - 8. Let c be r(6). Calculate the highest common factor of v and c.
20
Suppose 1332 = -25*h + 29*h. Suppose h*n - 132 = 327*n. Calculate the greatest common factor of 374 and n.
22
Let r be 282/(-10) - (-3 + (-14)/(-5)). Let p(u) = -2*u + 54. Let d be p(r). Let a be 2 + 0 + -3 - -11. Calculate the greatest common divisor of d and a.
10
Suppose -13*q + 1547 = 23*q - 29*q. Let f = 12 - -5. What is the greatest common factor of f and q?
17
Let l be -2*(-4 - (-33)/(-2)). Suppose 22*s - 21*s = -l. Let b = s - -64. Calculate the highest common divisor of 23 and b.
23
Suppose -141*d = -3520 - 8747. Let f(l) = 202*l + 1. Let u be f(1). Calculate the highest common factor of u and d.
29
Suppose -11*n + 34097 = 22*n - 15964. Calculate the greatest common divisor of 328 and n.
41
Let q be (-8 + 8 + (-132)/30)*-5. Let f be -2*(215*-1 - 1). Suppose 3*s - f - 30 = 0. What is the greatest common divisor of q and s?
22
Suppose 67*j - 87450 = -39*j. What is the greatest common divisor of j and 66?
33
Suppose 10*n + 6 = 12*n. Suppose -5*w = -8*w - 2*r + 67, -n*r = 2*w - 43. Calculate the greatest common factor of 345 and w.
23
Let i be 7*(-2 - (-124)/14). Suppose 0 = -3*n + 4*o + 20, -5*n + o + 2*o = -i. Let f be (8 + -2)*6/4. Calculate the highest common divisor of n and f.
3
Let z = -48 + 54. Let h be (20/(-6))/(z/(-9)). Suppose -5 = h*k, -g + k - 4*k = -11. Calculate the greatest common divisor of g and 28.
14
Let k be 812/(-609)*3/4*-5832. What is the highest common divisor of 1134 and k?
162
Let z(n) = n**2 - 6*n - 25. Let v be z(-3). Suppose -3*t = 2*m - v - 11, 2*t + 4*m = -2. Calculate the highest common divisor of t and 56.
7
Let t(m) = 217*m - 3987. Let w be t(21). Calculate the highest common factor of 4180 and w.
190
Let q be 934/22 + (-324)/(-594). Let s = q + -41. What is the highest common factor of 32 and s?
2
Suppose 2*z - 4 = 2. Suppose 0 = -3*a + 8*a - 10. Suppose 3*h - a*q = 13, -z*q - 19 = -4*h - 0*h. What is the highest common factor of h and 9?
1
Let x be ((-416)/624)/(2/258*-1) + 2. What is the greatest common divisor of x and 3014?
22
Let t = 368 - 132. Let x = t + -370. Let b = x + 270. What is the greatest common divisor of 17 and b?
17
Let j = 10155 - 9858. Let x be (1 + -5)*-7 + -1. What is the greatest common divisor of x and j?
27
Let z = -330 + 421. Let y = z + -83. Suppose 3*q - 160 = q. Calculate the greatest common divisor of y and q.
8
Let g be 2/(-18) - (-552)/108. Suppose 65 = 4*h - g*l, h + l + 0*l = 23. Calculate the greatest common factor of 20 and h.
20
Let o = -1149 - -1446. Let h = 9 - -24. What is the greatest common factor of o and h?
33
Let p be 42/6 + (6 - (-27 + 5)). What is the highest common factor of 45 and p?
5
Let b(l) = l**3 - 20*l**2 + l - 18. Let q be b(20). Suppose -138 = -q*s - 54. Calculate the highest common factor of 12 and s.
6
Let x(z) = 44*z + 225. Let q be x(-5). Suppose 0 = -l - r + 185, -4*l = -q*l + r + 195. What is the greatest common factor of 285 and l?
95
Suppose 4*u - 39*q + 38*q - 78 = 0, -3*u - 9 = -12*q. What is the highest common divisor of u and 2481?
3
Suppose 4*a - 730 = 402. Let h = a + -238. Calculate the greatest common factor of h and 27.
9
Suppose 3*s + 125 = 3*o + 2*o, 4*s + 130 = 5*o. Let w(t) = 18*t. Let f be w(-1). Let n = f + o. What is the greatest common factor of 28 and n?
4
Let g = -12228 + 12412. Calculate the highest common factor of g and 6164.
92
Suppose -7*j + 10*j = 6. Suppose 564 = j*f + 2*u - 7*u, 5*u + 20 = 0. What is the greatest common divisor of f and 17?
17
Let u(o) = -o**3 - 109*o**2 - 141*o - 3558. Let g be u(-108). Calculate the highest common factor of 10500 and g.
6
Suppose 11*s - 10 = 16*s. Let t be 50/((0 - s) + -2 + 1). Let r = 227 - 217. What is the highest common factor of r and t?
10
Let b(l) = -l + 14 - l**2 - 3*l + 11*l. Let a be b(6). Let m be -3 + a/(-70) + (-177)/(-7). What is the greatest common divisor of 33 and m?
11
Let q be -9*(-1 - -5)/(-4). Let a be -2 - (-3 + -22*8/4). Let k = a + -42. What is the greatest common factor of q and k?
3
Suppose 2 = 2*q, 2*y + 3*y - 994 = -4*q. Let r(z) = z**2 + 255*z + 10304. Let j be r(-50). Calculate the highest common divisor of y and j.
18
Let m be (-2 + 0)/((-27)/((-2565)/(-38))). Suppose 0 = 3*j + 2*j -